
Let c(f) = 3*f**3 - 15*f**2 - 121*f + 2743. What are the prime factors of c(22)?
3, 5, 13, 127
Let j(k) = -k - 17 - 11 + 1 + 3. Let u be j(-19). List the prime factors of 187 + (u + 4)*1.
2, 3, 31
Let z(f) = 2673*f - 278. What are the prime factors of z(2)?
2, 7, 181
Let u(x) = 54*x + 9. Let f(a) = 45*a + 8. Let n(k) = -7*f(k) + 6*u(k). Let s(p) = 4*p + 1. Let b be s(2). List the prime factors of n(b).
79
Let z(l) = 15 - l**3 + 8 + 13*l**2 - 11 + 9*l. Let g be z(14). What are the prime factors of (g/(-8))/((-6)/(-24))?
29
Let t(u) = 21*u - 26. Let f be t(3). Suppose -2*y = -4*m - 212, 5*m = -1 + 6. Let k = y + f. What are the prime factors of k?
5, 29
Let f be -4 - (-3 + 4 + -5). Let p = 15 - f. List the prime factors of (26 - -1) + -15 + p.
3
Let x(l) = -7*l**2 + 3*l - 60. Let z(s) = -3*s**2 + s - 30. Let r(t) = 2*x(t) - 5*z(t). What are the prime factors of r(-13)?
2, 3, 31
Suppose 0 = -3*i + 160 - 100. Suppose 13*a = i*a - 5607. List the prime factors of a.
3, 89
Suppose 0*z + 117441 = 5*z + 2*v, 0 = 5*z + 3*v - 117444. Let t be z/(-18) + 3/(-18) - -1. List the prime factors of (1/2)/((20/t)/(-5)).
163
Let o(k) = k**3 + 2*k**2 - 6*k + 11. Let q be o(-5). What are the prime factors of (q/4)/(0 + 2/(-76))?
17, 19
Suppose 0 = -p + 4*p - 27. List the prime factors of 4/p + 5387/9.
599
Let a = 74 + -71. List the prime factors of (-1 + 11/a)*2484/48.
2, 3, 23
Let f(m) = -m**2 + 24*m + 3. Let h(x) = -x**2 + 23*x + 4. Let d be (4/(-7))/((-11)/77). Let k(u) = d*f(u) - 5*h(u). What are the prime factors of k(22)?
2, 29
Let l be (6/4)/3*(14 - 6). Suppose -2*y + 7 = 2*x - 5, -l*x + 4*y - 8 = 0. Suppose 0 = -0*m + x*m - 3*c - 127, -c = -2*m + 117. List the prime factors of m.
2, 7
Suppose -9*t + 4734 + 2700 = 0. Let r = 1725 - t. List the prime factors of r.
29, 31
Let k(a) = -89*a + 336. Let o(f) = 2*f + 1. Let d(g) = -k(g) - 6*o(g). List the prime factors of d(11).
5, 101
Let a = 89276 + -1574. What are the prime factors of a?
2, 3, 47, 311
Let k(j) = -41 - 9*j + 77 - 51 + 31*j**2. What are the prime factors of k(-3)?
3, 97
Suppose 0 = 51*n - 48*n - 15. Suppose 5*t + 81 = 5*j - 24, -3*j = -n*t - 69. List the prime factors of j.
2, 3
Let x(z) = 85*z**2 - 10*z + 210. What are the prime factors of x(8)?
2, 5, 557
Let d be (-15)/(-4) + 14/56. Suppose -4*o = -z - 88, -d*z + 62 = 2*o - 0*z. What are the prime factors of o?
23
Let a(n) = 16*n**2 + 148*n + 15. Let j be a(-16). Let z = -571 + j. List the prime factors of z.
2, 293
Let h be (48/(-16))/((-3)/218). What are the prime factors of (259/74)/(1/h)?
7, 109
Suppose -q + 16095 = -2*g - 980, g = 5*q - 85339. What are the prime factors of q?
3, 5689
Let p be (1326/(-85))/((-4)/(-60)). What are the prime factors of -1*1*3*13416/p?
2, 43
Let i(s) = -2*s**2 - 45*s - 14. Let m be i(-18). Suppose -m*c + 143*c = -1895. What are the prime factors of c?
379
Suppose 2*y + 6*m - 3*m - 275 = 0, 5*y - 699 = 4*m. Let p = y + -94. What are the prime factors of (402/8)/((p/(-40))/(-3))?
2, 67
Suppose 1247968 = 111*t - 1768987 + 789629. What are the prime factors of t?
2, 79, 127
Let s(a) = 9*a**3 - 3*a**2 + 2. Let d be s(1). Let p be (-20)/d*-22 - 3. Suppose -48*n = -p*n + 116. What are the prime factors of n?
29
Suppose -n - 5*y + 849 = 0, -5*y - 2057 + 389 = -2*n. What are the prime factors of n?
839
Suppose -2*h = -0*h - 10. Suppose 9 = 2*r + h*l - 2*l, 0 = -2*r - 5*l + 11. Suppose y + 0*k - 66 = -2*k, -r*k = -3*y + 171. List the prime factors of y.
2, 3, 5
Let k(m) be the second derivative of -13*m**3/6 - 25*m**2/2 + 89*m - 1. List the prime factors of k(-12).
131
List the prime factors of 0 - (-5 - -8) - 2/(-1) - -14637.
2, 3659
Suppose 4*l + 3*b - 34 - 14 = 0, 5*b - 20 = 0. Suppose -l*h = -h + 2184. Let w = -81 - h. List the prime factors of w.
2, 3
Suppose -5*l + 2*l = -4*c - 18, -l + 3*c + 6 = 0. List the prime factors of 486 + (l/10 - (-476)/(-85)).
13, 37
Let f = 13801 + -9398. What are the prime factors of f?
7, 17, 37
Let a(g) = 5*g + 7. Suppose -r - 2 = 0, -2*p = 4*r + 2 - 8. Let q(t) = -9*t - 13. Let z(k) = p*a(k) + 4*q(k). What are the prime factors of z(-11)?
2
Suppose -86 = -2*r + 5*l, -2*r + 4*l - 2*l + 74 = 0. Let b be (-30)/(-7)*182/39. Suppose -b = 31*s - r*s. What are the prime factors of s?
2, 5
Let w be ((-10192)/12)/(-13)*(19 + -1). Suppose -l = 5*m - 465, 3*l - w = 2*m + 202. What are the prime factors of l?
2, 5, 23
Let k = 187 - 182. Let z = 15 + -13. Suppose -4*j - k*n = -914, 2*n + 130 - 588 = -z*j. What are the prime factors of j?
3, 7, 11
Let s be (-1111 + 2)*(1 - -2 - 4). Suppose -s = -3*r + 2*w - w, 0 = 5*r - 5*w - 1845. List the prime factors of r.
2, 5, 37
Suppose 5*f - 900 = -60. Let t = 555 + f. List the prime factors of t.
3, 241
Let d = 7856 + -2691. List the prime factors of d.
5, 1033
Let p(b) = 3804*b**2 + 35*b - 38. List the prime factors of p(1).
3, 7, 181
Let i(s) = 168*s**2 - 1149*s + 43. List the prime factors of i(17).
2, 11, 1321
Let l(m) = 5*m**3 + 3*m**2 + 19*m - 5. Let y(n) = 9*n**3 + 6*n**2 + 39*n - 9. Let o(u) = 11*l(u) - 6*y(u). What are the prime factors of o(7)?
2, 5
Suppose -8 = -5*w - 0*w - 3*o, -8 = 2*o. Suppose -w*n + 1198 = h + h, 3*n - 906 = -4*h. List the prime factors of n.
2, 149
Let v = 1065 - -97. Let z = v + -515. What are the prime factors of z?
647
Suppose 2*r = -4*r + 654. Let v = -33 - 6. Let c = r + v. What are the prime factors of c?
2, 5, 7
Suppose -2*w + 13*n = 17*n - 8924, 4*w - 3*n - 17826 = 0. List the prime factors of w.
2, 3, 743
Suppose -80*t - 82293 + 273264 = -308709. What are the prime factors of t?
2, 3, 347
Suppose 47 - 51 = -2*a. Suppose 4*v - 666 = a*c, 315 = -0*v + 2*v + 5*c. What are the prime factors of v?
3, 5, 11
Let u = 1600 + 2929. List the prime factors of u.
7, 647
Let x(p) = -51*p**2 + 2*p + 2. Let y be x(2). Let i = 710 + y. What are the prime factors of i?
2
Suppose 125*f - 130*f = 4*n - 235427, -2*n + 14*f + 117796 = 0. What are the prime factors of n?
3, 7, 2803
List the prime factors of (80/(-144))/(5/(-12)) - 136390/(-6).
127, 179
Let o = 3985 - -5812. Suppose 31*q + o - 30257 = 0. List the prime factors of q.
2, 3, 5, 11
Suppose -s - 8164 = -2*u, -4*u - 110*s + 16328 = -115*s. What are the prime factors of u?
2, 13, 157
Let r = -46193 + 82267. List the prime factors of r.
2, 17, 1061
Let v(f) = 64*f - 3. Let m be v(-1). Let x = 69 + m. Suppose 0 = x*h - 41 - 125. List the prime factors of h.
83
Suppose -4*l - 6 + 38 = 0. Let d be (-6)/l + 2964/48. Suppose -2*r + 73 = -d. List the prime factors of r.
67
Suppose 3*w + 8 = -4. Let u be (-37)/(-7) + w/14*1. Suppose -2*p - 848 = -5*r - 4*p, 4*r - 652 = u*p. List the prime factors of r.
2, 3, 7
Let v(r) be the third derivative of -r**4/24 + 2*r**3/3 - 18*r**2. Let h be v(8). Let g(o) = -19*o - 17. List the prime factors of g(h).
59
What are the prime factors of (((-6)/(-33))/(9/1023))/(2/3267)?
3, 11, 31
Let a(r) = 404*r + 1241. List the prime factors of a(13).
43, 151
Suppose 212 + 82 = 2*j. Suppose 0*a = -4*a - 5*d + j, 0 = 3*a + 5*d - 109. Let l = a + -21. List the prime factors of l.
17
Suppose -167*j + 81485 = -162*j. List the prime factors of j.
43, 379
Let l = -7 + -6. Let y(x) = -2*x - 22. Let k be y(l). Suppose -k*o = -f - 401, -3*o = 2*f - f - 299. What are the prime factors of o?
2, 5
Let f = -2556 - -7659. Suppose -26*s - f = -47*s. List the prime factors of s.
3
Let x(w) = 87*w - 3. Let d be (-2*14/(-7))/((-2)/53). Let z = -104 - d. List the prime factors of x(z).
3, 19
Let t(b) = 72*b**2 + 63*b + 402. List the prime factors of t(-7).
3, 1163
Suppose -3*p + 9 = -0. Suppose -d = 16 - 14, 0 = -4*q - p*d + 714. What are the prime factors of q?
2, 3, 5
Let r be 6/24 + 6 + (-15)/12. Suppose 2*x + 2*x - c - 5479 = 0, 3*x - r*c - 4122 = 0. List the prime factors of x.
37
Suppose 0*o + 5*o = -5*k + 65, -2*o + 54 = 4*k. Let t(l) = l**3 - 13*l**2 - 12*l + 15. Let h be t(k). Suppose -37 = -5*w + h. What are the prime factors of w?
2
Suppose 2*j - 14 = 2. Let g(z) = z**3 - 10*z**2 + 16*z - 3. Let w be g(j). List the prime factors of 4/(-8) + 1516/(-24)*w.
3, 7
Suppose -q + 107 = m, -15*q - 77 = -16*q + 5*m. Suppose -3*f - 3*r + 310 = r, 5*f = -4*r + 514. Suppose 0 = -w + q + f. What are the prime factors of w?
2, 3, 17
Suppose 29033 = 5*c + 2*q, -5*c + 26773 = 4*q